 digit of q?
8
Suppose -5*l - 75 + 1700 = 0. What is the tens digit of l?
2
Let n(g) be the first derivative of g**4/4 - g**3 - 5*g**2/2 - 8*g + 16. What is the units digit of n(5)?
7
Let h be (-5)/(2/(2 - 4)). Suppose h*t + 3*p - 12 = 53, -4*t = -3*p - 79. Let s = t - 3. What is the units digit of s?
3
What is the hundreds digit of (-1020)/(-8) + (-8)/(80/15)?
1
Suppose 0 = -o - o + 8. Suppose 708 = 4*m + 5*a, o*m - 736 = -3*a + 5*a. What is the units digit of m?
2
Let b = -386 + 606. What is the units digit of b?
0
Let k = 10 + 0. Suppose -4*t = -7*u + 2*u + k, -3*u - 2 = -4*t. What is the units digit of u?
6
Let y be (-9)/2 - (-8)/16. Let c = 42 + y. Let g = c + -6. What is the tens digit of g?
3
Let z be ((-10)/8)/(7/(-28)). Suppose -5*h + 5 = 5*y, 0 = -2*y + h - z*h. Suppose -2*m = y*q - 36, -3*q - 43 + 17 = -2*m. What is the tens digit of m?
1
Let a(k) = -k**3 + 18*k**2 - 4*k - 19. What is the tens digit of a(7)?
9
Suppose 26*c - 23*c - 12 = 0. Suppose -201 = 5*n - c*i - 496, i - 5 = 0. Suppose -3*u = -3*p + n, 4*p = -5*u + 166 - 37. What is the units digit of p?
6
Suppose -1679 - 856 = -4*k - w, -2*k = w - 1269. What is the units digit of 55/(-25) - -2 - k/(-15)?
2
Let v be 132/7 + (-7)/(-49). Suppose 0 = 3*u - o - 20, o = -2*u - 4*o + v. Let w = -3 + u. What is the units digit of w?
4
Let y = 4 - 1. Suppose 2*i + 4*n + 13 - 51 = 0, y*i - 2*n - 65 = 0. Let m = i + -15. What is the units digit of m?
6
What is the tens digit of (-5)/4 - (24578/(-8) + -8)?
7
What is the hundreds digit of 165/22*7312/24?
2
Let z(u) = -141*u + 423. What is the hundreds digit of z(-13)?
2
Let j(k) = 2*k**3 - 3*k**2 + 3*k. Let z(g) = -g**2 - 3*g + 12. Let y be z(-5). Let t be j(y). Suppose -t = -2*s + 18. What is the units digit of s?
4
Let k = -31 + 34. Let z(f) = -4 + 18*f + 4. What is the tens digit of z(k)?
5
Suppose 0 = 3*a + 4*o + 247, 2*o = 5*o + 3. Let w = a + 146. Let f = w - 42. What is the units digit of f?
3
Let t = -3983 + 7203. What is the hundreds digit of t?
2
Let s(g) = g**3 + 14*g**2 + 7*g + 18. Let p be (-24)/20*(2 + 8). What is the hundreds digit of s(p)?
2
Suppose 0 = 2*q + 2, -4*p + 185 = -0*p - 5*q. Suppose p = 5*f - 485. What is the units digit of f?
6
Suppose -714 = -i - 52. What is the hundreds digit of i?
6
Suppose 0*h + 5 = -5*h. Let w be (-8)/(-6)*-3 - h. What is the tens digit of -5 + 30 - (-1 - w)?
2
Let z be 21/7 + 0/2*-1. Suppose -z*v + 49 = 5*m - 215, -3*m = 5*v - 456. What is the units digit of v?
3
Let n(z) = -3*z + 1. Let i be n(3). Let f be 9/12 - 138/i. What is the units digit of (f/(-15) - 2)*-5?
6
Suppose -a + 2*s + 6 = 0, 2*a + 5*s + 6 + 0 = 0. Suppose 3*p + 4*h + 0*h - 272 = 0, -a*h = 8. What is the tens digit of p?
9
Let c(a) = 2*a**3 + 27*a**2 - 3*a - 10. What is the units digit of c(-6)?
8
Let r be 30/40*(-2 + 94). Suppose 2*d - 11 = k - r, 4*k - d = 204. What is the units digit of k?
0
Let l(o) = o**3 + 2*o**2 - 3*o - 3. Let x be l(-2). Let m(k) = k**2 + k - 2. What is the tens digit of m(x)?
1
Let h = -4 - -6. What is the units digit of (270/(-9))/(h/(-6))?
0
What is the hundreds digit of (0 - 5028/(-10)) + 69/345?
5
Let k be (-2)/(-4) - (-179879)/(-14). What is the tens digit of (-2)/(-23) + k/(-368)?
3
Let m(a) be the second derivative of 29*a**4/12 - a**3/6 + 5*a**2/2 + 8*a. What is the tens digit of m(2)?
1
Suppose 0 = 3*p - 8*p + 130. Let z be 4/p - (-41)/(-13). Let q = z - -6. What is the units digit of q?
3
Suppose -r - 16 = 5*h, 3*r + h + 48 = -0*h. What is the hundreds digit of (336/10)/(r/(-80))?
1
Suppose -5950 = -15*x + x. Suppose 107 - x = -3*r. What is the tens digit of r?
0
Let c(u) = 15 + 9 - 2*u - 10. Let k be 6/(-24)*14*20/7. What is the units digit of c(k)?
4
Suppose 0 = -r + 4*r - 39. Let h = -15 + r. What is the units digit of h - 2*16/(-4)?
6
Let c(t) = 28*t**2 + t + 1. Let s be c(-1). Let j be ((4/16)/(1/20))/(-1). What is the units digit of (s/(-5))/(j/25)?
8
Suppose u - 4*u + 81 = 0. Let t = 35 - u. What is the units digit of t?
8
Let q be 0 + 2 + -3 - 6. Let v = 11 + q. Suppose 32 = 6*s - 4*s + 2*c, -v*s = -c - 49. What is the units digit of s?
3
Suppose 2*m + 1 = 11. Suppose 8*t - m = 3*t. Let k = 7 - t. What is the units digit of k?
6
Let d be 3*(-6)/9*36. Let f = -25 - d. Let j = -21 + f. What is the tens digit of j?
2
Suppose 0 = -5*m + 7*c - 11*c + 2070, -5*m - 2*c + 2080 = 0. What is the hundreds digit of m?
4
Let a = -228 - -354. Suppose -2*i = -4*i + a. What is the units digit of i?
3
Let p = 530 + 345. What is the units digit of p?
5
Let n = -968 + 1382. Suppose -57 = -3*r + n. What is the tens digit of r?
5
Let j = -34 + 20. Let z = j + 46. Suppose -3*g = -k - 25 - z, 17 = g - k. What is the units digit of g?
0
Let z = 79 + -62. Suppose 0 = -6*k + 13 + z. What is the units digit of k?
5
Suppose 3*o = 2*k - 4 + 46, -4*k = -3*o + 42. Let t(p) = p**2 - 13*p - 12. What is the units digit of t(o)?
2
Suppose -2*d - 2*d = -5*b - 43, 0 = 3*d + 3*b - 12. What is the units digit of d?
7
Let v(j) = 5*j**2 - 1. Let y be v(-1). Let s = -2 + y. Suppose -5*r + 96 = 2*c, -3*c = -7 - s. What is the tens digit of r?
1
Suppose 5*k = -12*p + 8*p + 5004, 0 = p + k - 1251. What is the tens digit of p?
5
Suppose 0 = 21*s + 9*s - 48780. What is the units digit of s?
6
Let d = 3319 + -2108. What is the thousands digit of d?
1
Suppose t - 3 + 1 = 0. Suppose -t*a + 2*p = a - 166, 4*p = 16. What is the units digit of a?
8
Suppose 30 - 25 = -5*p. What is the tens digit of (0 - 229)*p - 2?
2
Let v = 981 + -526. What is the units digit of v?
5
Let z be 2 - 20/8 - (-7)/2. What is the tens digit of -86*((-2)/z)/((-30)/(-45))?
8
Let p = 5537 + -3955. What is the thousands digit of p?
1
Let a(w) = 166*w**2 + 2 - 165*w**2 + 0*w + 2*w. Let q be a(-2). Suppose -4*c - 2*i + 135 = -i, 2*i - 66 = -q*c. What is the units digit of c?
4
Let s be (-3 + -3)/(6/20). Let h = -22 - s. What is the tens digit of (h + -1)/(3/(-32))?
3
Suppose -10*k = -34*k + 408. Suppose 1266 = k*l - 11*l. What is the hundreds digit of l?
2
Let p(j) be the third derivative of -j**6/120 + 2*j**5/15 + j**4/8 - j**3/3 + 4*j**2. Let w be p(8). Let q = 35 - w. What is the tens digit of q?
1
Let c(h) = h**3 - 9*h**2 - h + 8. Let k be c(7). Let r = 330 + k. What is the hundreds digit of r?
2
Let x(n) = -n + 3. Let b be x(6). Let y(u) = 3*u + 3. Let t be y(5). Let c = t + b. What is the units digit of c?
5
Let i(c) = 2*c**3 + 9*c**2 + c - 8. Let k be i(-4). Suppose 6*m = k*m + 88. What is the units digit of m?
4
Let b = 5 - 2. Suppose b*s = -j + 140 - 41, 4*s = 4. What is the tens digit of j?
9
Suppose 5*g - 5*a = -119 + 989, 0 = -4*g + 5*a + 701. What is the units digit of g?
9
Let d be (-1)/((-2)/(-14) + 0). Let g = 21 - d. Suppose -2*w = 2*w - g. What is the units digit of w?
7
Let c(b) = 7*b**2 + b - 10. Let m(g) = 8*g**2 - 11. Let i(h) = -7*c(h) + 6*m(h). Let u = -7 + 3. What is the tens digit of i(u)?
1
What is the tens digit of (-2)/(-5) - 628/(-5)?
2
Let u = 1619 + -728. What is the units digit of u?
1
Let n(z) = 2*z**2 + 12*z - 10. Let d be n(-7). Suppose -h - d*k = -92, h + 5*k = 2*h - 119. What is the units digit of h?
4
Let z(a) = -9*a**3 - 16*a**2 + 4*a + 8. What is the hundreds digit of z(-5)?
7
Let q = 30 + -30. Suppose -5*s - s + 162 = q. What is the tens digit of s?
2
What is the units digit of 3777/3 - -9*(-4)/(-6)?
5
Let m be (2/(-3))/(10/15) + -17. What is the units digit of m/(-99) - ((-159)/33 + 0)?
5
What is the hundreds digit of 1442/(-14)*(-1)/((-3)/(-126))?
3
Let a be ((3 - 3) + 0)/2. Let f be -3 + (a/4 - 2). What is the tens digit of (-5)/(-4)*(-140)/f?
3
Suppose 171 = 14*v - 7907. What is the tens digit of v?
7
Let a be (-140)/65 + (-2)/(-13). Let x(v) = -6*v**3 - v**2 - 2*v - 1. What is the units digit of x(a)?
7
Let i(v) = 53*v - 3. Let j be i(1). Suppose -16*d + j = -11*d. What is the tens digit of d?
1
Suppose -5*q + 1830 + 690 = 5*c, -1500 = -3*c + q. What is the units digit of c?
1
Suppose u - 7 = -4. Let q be (-2)/(-8) + 136/(-32). What is the units digit of 12*(-1)/(u/q)?
6
Suppose -2*s - 395*i + 8797 = -390*i, 0 = 2*s - i - 8815. What is the units digit of s?
6
Let u be 111/5 - 12/60. What is the units digit of (-4)/(-3)*1221/u?
4
Let f be (-4 + 3)*(-7 - 0). Let b(q) = 2*q + 15. Let h be b(f). Let n = h + -28. W